{"id":7163,"date":"2025-09-02T16:34:54","date_gmt":"2025-09-02T16:34:54","guid":{"rendered":"https:\/\/positivoaccesorios.com.uy\/pb\/accessibility-statement\/"},"modified":"2025-09-02T16:40:19","modified_gmt":"2025-09-02T16:40:19","slug":"accessibility-statement","status":"publish","type":"page","link":"https:\/\/positivoaccesorios.com.uy\/pb\/accessibility-statement\/","title":{"rendered":"Declaraci\u00f3n de accesibilidad"},"content":{"rendered":"\n<h6 class=\"wp-block-heading has-text-align-center\">Declaraci\u00f3n de Accesibilidad para https:\/\/www.positivoaccesoriosdemoda.com.uy<\/h6>\n\n\n\n<p><strong>En Positivo Accesorios de Moda<\/strong>&nbsp;nos comprometemos a garantizar la accesibilidad digital para personas con discapacidad. Mejoramos continuamente la experiencia de usuario para todos y aplicamos los est\u00e1ndares de accesibilidad pertinentes.<\/p>\n\n\n\n<h6 class=\"wp-block-heading\">Estado de conformidad<\/h6>\n\n\n\n<p>Las Pautas de Accesibilidad al Contenido Web (WCAG) definen los requisitos que deben cumplir los dise\u00f1adores y desarrolladores para mejorar la accesibilidad para las personas con discapacidad. Definen tres niveles de conformidad: Nivel A, Nivel AA y Nivel AAA.<\/p>\n\n\n\n<p><strong>Positivo Accesorios de Moda<\/strong>&nbsp;realiza esfuerzos constantes para mejorar la accesibilidad de su sitio y servicios creyendo que es nuestra obligaci\u00f3n moral colectiva permitir un uso fluido, accesible y sin obst\u00e1culos para aquellos de nosotros con discapacidades.<\/p>\n\n\n\n<p>Nuestro objetivo es que todas las p\u00e1ginas y el contenido de&nbsp;<strong>https:\/\/www.positivoaccesoriosdemoda.com.uy<\/strong>&nbsp;sean accesibles, pero es posible que algunos contenidos a\u00fan no cumplan con los m\u00e1s altos est\u00e1ndares de accesibilidad. Esto podr\u00eda deberse a dificultades para encontrar la soluci\u00f3n tecnol\u00f3gica m\u00e1s adecuada.<\/p>\n\n\n\n<p>Podemos revisar esta Declaraci\u00f3n peri\u00f3dicamente para reflejar mejoras o cambios en nuestras pr\u00e1cticas de accesibilidad.<\/p>\n\n\n\n<h6 class=\"wp-block-heading\">Sugerencias<\/h6>\n\n\n\n<p>Agradecemos sus comentarios sobre la accesibilidad del sitio web de&nbsp;<strong>Positivo Accesorios de Moda<\/strong>&nbsp;. Por favor, inf\u00f3rmenos si encuentra alguna barrera de accesibilidad en nuestro sitio web:<\/p>\n\n\n\n<p>Correo electr\u00f3nico:&nbsp;<strong>positivo@positivoaccesorios.com.uy<\/strong><\/p>\n\n\n\n<p>Intentamos responder a los comentarios en un plazo de 3 a 5 d\u00edas h\u00e1biles.<\/p>\n\n\n\n<p>Esta declaraci\u00f3n fue creada el 2\/9\/2025.<\/p>\n\n\n\n<p><\/p>\n","protected":false},"excerpt":{"rendered":"<p>Declaraci\u00f3n de Accesibilidad para https:\/\/www.positivoaccesoriosdemoda.com.uy En Positivo Accesorios de Moda&nbsp;nos comprometemos a garantizar la accesibilidad&hellip;<\/p>\n","protected":false},"author":1,"featured_media":0,"parent":0,"menu_order":0,"comment_status":"closed","ping_status":"closed","template":"","meta":{"footnotes":""},"class_list":["post-7163","page","type-page","status-publish","hentry"],"yoast_head":"<!-- This site is optimized with the Yoast SEO Premium plugin v27.4 (Yoast SEO v27.5) - https:\/\/yoast.com\/product\/yoast-seo-premium-wordpress\/ -->\n<title>Declaraci\u00f3n de accesibilidad - Positivo Accesorios de Moda<\/title>\n<meta name=\"robots\" content=\"index, follow, max-snippet:-1, max-image-preview:large, max-video-preview:-1\" \/>\n<link rel=\"canonical\" href=\"https:\/\/positivoaccesorios.com.uy\/pb\/accessibility-statement\/\" \/>\n<meta property=\"og:locale\" content=\"es_ES\" \/>\n<meta property=\"og:type\" content=\"article\" \/>\n<meta property=\"og:title\" content=\"Declaraci\u00f3n de accesibilidad\" \/>\n<meta property=\"og:description\" content=\"Declaraci\u00f3n de Accesibilidad para https:\/\/www.positivoaccesoriosdemoda.com.uy En Positivo Accesorios de Moda&nbsp;nos comprometemos a garantizar la accesibilidad&hellip;\" \/>\n<meta property=\"og:url\" content=\"https:\/\/positivoaccesorios.com.uy\/pb\/accessibility-statement\/\" \/>\n<meta property=\"og:site_name\" content=\"Positivo Accesorios de Moda\" \/>\n<meta property=\"article:publisher\" content=\"https:\/\/web.facebook.com\/people\/Positivo-Accesorios\/61576469422995\/?_rdc=1&amp;_rdr#\" \/>\n<meta property=\"article:modified_time\" content=\"2025-09-02T16:40:19+00:00\" \/>\n<meta property=\"og:image\" content=\"https:\/\/positivoaccesorios.com.uy\/pb\/wp-content\/uploads\/2026\/04\/Positivo-Yoast.jpg\" \/>\n\t<meta property=\"og:image:width\" content=\"1200\" \/>\n\t<meta property=\"og:image:height\" content=\"800\" \/>\n\t<meta property=\"og:image:type\" content=\"image\/jpeg\" \/>\n<meta name=\"twitter:card\" content=\"summary_large_image\" \/>\n<meta name=\"twitter:label1\" content=\"Tiempo de lectura\" \/>\n\t<meta name=\"twitter:data1\" content=\"1 minuto\" \/>\n<script type=\"application\/ld+json\" class=\"yoast-schema-graph\">{\"@context\":\"https:\\\/\\\/schema.org\",\"@graph\":[{\"@type\":\"WebPage\",\"@id\":\"https:\\\/\\\/positivoaccesorios.com.uy\\\/pb\\\/accessibility-statement\\\/\",\"url\":\"https:\\\/\\\/positivoaccesorios.com.uy\\\/pb\\\/accessibility-statement\\\/\",\"name\":\"Declaraci\u00f3n de accesibilidad - Positivo Accesorios de Moda\",\"isPartOf\":{\"@id\":\"https:\\\/\\\/positivoaccesorios.com.uy\\\/pb\\\/#website\"},\"datePublished\":\"2025-09-02T16:34:54+00:00\",\"dateModified\":\"2025-09-02T16:40:19+00:00\",\"breadcrumb\":{\"@id\":\"https:\\\/\\\/positivoaccesorios.com.uy\\\/pb\\\/accessibility-statement\\\/#breadcrumb\"},\"inLanguage\":\"es\",\"potentialAction\":[{\"@type\":\"ReadAction\",\"target\":[\"https:\\\/\\\/positivoaccesorios.com.uy\\\/pb\\\/accessibility-statement\\\/\"]}]},{\"@type\":\"BreadcrumbList\",\"@id\":\"https:\\\/\\\/positivoaccesorios.com.uy\\\/pb\\\/accessibility-statement\\\/#breadcrumb\",\"itemListElement\":[{\"@type\":\"ListItem\",\"position\":1,\"name\":\"Portada\",\"item\":\"https:\\\/\\\/positivoaccesorios.com.uy\\\/pb\\\/\"},{\"@type\":\"ListItem\",\"position\":2,\"name\":\"Declaraci\u00f3n de accesibilidad\"}]},{\"@type\":\"WebSite\",\"@id\":\"https:\\\/\\\/positivoaccesorios.com.uy\\\/pb\\\/#website\",\"url\":\"https:\\\/\\\/positivoaccesorios.com.uy\\\/pb\\\/\",\"name\":\"Positivo Accesorios de Moda\",\"description\":\"Tienda de accesorios de moda\",\"publisher\":{\"@id\":\"https:\\\/\\\/positivoaccesorios.com.uy\\\/pb\\\/#organization\"},\"alternateName\":\"Positivo Accesorios\",\"potentialAction\":[{\"@type\":\"SearchAction\",\"target\":{\"@type\":\"EntryPoint\",\"urlTemplate\":\"https:\\\/\\\/positivoaccesorios.com.uy\\\/pb\\\/?s={search_term_string}\"},\"query-input\":{\"@type\":\"PropertyValueSpecification\",\"valueRequired\":true,\"valueName\":\"search_term_string\"}}],\"inLanguage\":\"es\"},{\"@type\":\"Organization\",\"@id\":\"https:\\\/\\\/positivoaccesorios.com.uy\\\/pb\\\/#organization\",\"name\":\"Positivo Accesorios de Moda\",\"alternateName\":\"Positivo Bijou\",\"url\":\"https:\\\/\\\/positivoaccesorios.com.uy\\\/pb\\\/\",\"logo\":{\"@type\":\"ImageObject\",\"inLanguage\":\"es\",\"@id\":\"https:\\\/\\\/positivoaccesorios.com.uy\\\/pb\\\/#\\\/schema\\\/logo\\\/image\\\/\",\"url\":\"https:\\\/\\\/positivoaccesorios.com.uy\\\/pb\\\/wp-content\\\/uploads\\\/2025\\\/08\\\/Logo-Positivo-175x200-1.webp\",\"contentUrl\":\"https:\\\/\\\/positivoaccesorios.com.uy\\\/pb\\\/wp-content\\\/uploads\\\/2025\\\/08\\\/Logo-Positivo-175x200-1.webp\",\"width\":175,\"height\":85,\"caption\":\"Positivo Accesorios de Moda\"},\"image\":{\"@id\":\"https:\\\/\\\/positivoaccesorios.com.uy\\\/pb\\\/#\\\/schema\\\/logo\\\/image\\\/\"},\"sameAs\":[\"https:\\\/\\\/web.facebook.com\\\/people\\\/Positivo-Accesorios\\\/61576469422995\\\/?_rdc=1&_rdr#\",\"https:\\\/\\\/www.instagram.com\\\/positivobijou\"],\"description\":\"Somos una tienda especializada en accesorios de moda importados. Ofrecemos productos exclusivos con ventas por mayor y por menor, pensados para realzar tu estilo y acompa\u00f1ar cada ocasi\u00f3n. Descubr\u00ed nuestra amplia variedad de accesorios de calidad, dise\u00f1ados para quienes buscan tendencia, elegancia y precios competitivos.\",\"email\":\"positivobijou@gmail.com\",\"telephone\":\"2200 7696\",\"legalName\":\"Cerro del Potro S.A.\"}]}<\/script>\n<!-- \/ Yoast SEO Premium plugin. -->","yoast_head_json":{"title":"Declaraci\u00f3n de accesibilidad - Positivo Accesorios de Moda","robots":{"index":"index","follow":"follow","max-snippet":"max-snippet:-1","max-image-preview":"max-image-preview:large","max-video-preview":"max-video-preview:-1"},"canonical":"https:\/\/positivoaccesorios.com.uy\/pb\/accessibility-statement\/","og_locale":"es_ES","og_type":"article","og_title":"Declaraci\u00f3n de accesibilidad","og_description":"Declaraci\u00f3n de Accesibilidad para https:\/\/www.positivoaccesoriosdemoda.com.uy En Positivo Accesorios de Moda&nbsp;nos comprometemos a garantizar la accesibilidad&hellip;","og_url":"https:\/\/positivoaccesorios.com.uy\/pb\/accessibility-statement\/","og_site_name":"Positivo Accesorios de Moda","article_publisher":"https:\/\/web.facebook.com\/people\/Positivo-Accesorios\/61576469422995\/?_rdc=1&_rdr#","article_modified_time":"2025-09-02T16:40:19+00:00","og_image":[{"width":1200,"height":800,"url":"https:\/\/positivoaccesorios.com.uy\/pb\/wp-content\/uploads\/2026\/04\/Positivo-Yoast.jpg","type":"image\/jpeg"}],"twitter_card":"summary_large_image","twitter_misc":{"Tiempo de lectura":"1 minuto"},"schema":{"@context":"https:\/\/schema.org","@graph":[{"@type":"WebPage","@id":"https:\/\/positivoaccesorios.com.uy\/pb\/accessibility-statement\/","url":"https:\/\/positivoaccesorios.com.uy\/pb\/accessibility-statement\/","name":"Declaraci\u00f3n de accesibilidad - Positivo Accesorios de Moda","isPartOf":{"@id":"https:\/\/positivoaccesorios.com.uy\/pb\/#website"},"datePublished":"2025-09-02T16:34:54+00:00","dateModified":"2025-09-02T16:40:19+00:00","breadcrumb":{"@id":"https:\/\/positivoaccesorios.com.uy\/pb\/accessibility-statement\/#breadcrumb"},"inLanguage":"es","potentialAction":[{"@type":"ReadAction","target":["https:\/\/positivoaccesorios.com.uy\/pb\/accessibility-statement\/"]}]},{"@type":"BreadcrumbList","@id":"https:\/\/positivoaccesorios.com.uy\/pb\/accessibility-statement\/#breadcrumb","itemListElement":[{"@type":"ListItem","position":1,"name":"Portada","item":"https:\/\/positivoaccesorios.com.uy\/pb\/"},{"@type":"ListItem","position":2,"name":"Declaraci\u00f3n de accesibilidad"}]},{"@type":"WebSite","@id":"https:\/\/positivoaccesorios.com.uy\/pb\/#website","url":"https:\/\/positivoaccesorios.com.uy\/pb\/","name":"Positivo Accesorios de Moda","description":"Tienda de accesorios de moda","publisher":{"@id":"https:\/\/positivoaccesorios.com.uy\/pb\/#organization"},"alternateName":"Positivo Accesorios","potentialAction":[{"@type":"SearchAction","target":{"@type":"EntryPoint","urlTemplate":"https:\/\/positivoaccesorios.com.uy\/pb\/?s={search_term_string}"},"query-input":{"@type":"PropertyValueSpecification","valueRequired":true,"valueName":"search_term_string"}}],"inLanguage":"es"},{"@type":"Organization","@id":"https:\/\/positivoaccesorios.com.uy\/pb\/#organization","name":"Positivo Accesorios de Moda","alternateName":"Positivo Bijou","url":"https:\/\/positivoaccesorios.com.uy\/pb\/","logo":{"@type":"ImageObject","inLanguage":"es","@id":"https:\/\/positivoaccesorios.com.uy\/pb\/#\/schema\/logo\/image\/","url":"https:\/\/positivoaccesorios.com.uy\/pb\/wp-content\/uploads\/2025\/08\/Logo-Positivo-175x200-1.webp","contentUrl":"https:\/\/positivoaccesorios.com.uy\/pb\/wp-content\/uploads\/2025\/08\/Logo-Positivo-175x200-1.webp","width":175,"height":85,"caption":"Positivo Accesorios de Moda"},"image":{"@id":"https:\/\/positivoaccesorios.com.uy\/pb\/#\/schema\/logo\/image\/"},"sameAs":["https:\/\/web.facebook.com\/people\/Positivo-Accesorios\/61576469422995\/?_rdc=1&_rdr#","https:\/\/www.instagram.com\/positivobijou"],"description":"Somos una tienda especializada en accesorios de moda importados. Ofrecemos productos exclusivos con ventas por mayor y por menor, pensados para realzar tu estilo y acompa\u00f1ar cada ocasi\u00f3n. Descubr\u00ed nuestra amplia variedad de accesorios de calidad, dise\u00f1ados para quienes buscan tendencia, elegancia y precios competitivos.","email":"positivobijou@gmail.com","telephone":"2200 7696","legalName":"Cerro del Potro S.A."}]}},"_links":{"self":[{"href":"https:\/\/positivoaccesorios.com.uy\/pb\/wp-json\/wp\/v2\/pages\/7163","targetHints":{"allow":["GET"]}}],"collection":[{"href":"https:\/\/positivoaccesorios.com.uy\/pb\/wp-json\/wp\/v2\/pages"}],"about":[{"href":"https:\/\/positivoaccesorios.com.uy\/pb\/wp-json\/wp\/v2\/types\/page"}],"author":[{"embeddable":true,"href":"https:\/\/positivoaccesorios.com.uy\/pb\/wp-json\/wp\/v2\/users\/1"}],"replies":[{"embeddable":true,"href":"https:\/\/positivoaccesorios.com.uy\/pb\/wp-json\/wp\/v2\/comments?post=7163"}],"version-history":[{"count":0,"href":"https:\/\/positivoaccesorios.com.uy\/pb\/wp-json\/wp\/v2\/pages\/7163\/revisions"}],"wp:attachment":[{"href":"https:\/\/positivoaccesorios.com.uy\/pb\/wp-json\/wp\/v2\/media?parent=7163"}],"curies":[{"name":"wp","href":"https:\/\/api.w.org\/{rel}","templated":true}]}}

Declaración de accesibilidad

<h6 class="wp-block-heading has-text-align-center">Declaración de Accesibilidad para https://www.positivoaccesoriosdemoda.com.uy</h6>



<p><strong>En Positivo Accesorios de Moda</strong>&nbsp;nos comprometemos a garantizar la accesibilidad digital para personas con discapacidad. Mejoramos continuamente la experiencia de usuario para todos y aplicamos los estándares de accesibilidad pertinentes.</p>



<h6 class="wp-block-heading">Estado de conformidad</h6>



<p>Las Pautas de Accesibilidad al Contenido Web (WCAG) definen los requisitos que deben cumplir los diseñadores y desarrolladores para mejorar la accesibilidad para las personas con discapacidad. Definen tres niveles de conformidad: Nivel A, Nivel AA y Nivel AAA.</p>



<p><strong>Positivo Accesorios de Moda</strong>&nbsp;realiza esfuerzos constantes para mejorar la accesibilidad de su sitio y servicios creyendo que es nuestra obligación moral colectiva permitir un uso fluido, accesible y sin obstáculos para aquellos de nosotros con discapacidades.</p>



<p>Nuestro objetivo es que todas las páginas y el contenido de&nbsp;<strong>https://www.positivoaccesoriosdemoda.com.uy</strong>&nbsp;sean accesibles, pero es posible que algunos contenidos aún no cumplan con los más altos estándares de accesibilidad. Esto podría deberse a dificultades para encontrar la solución tecnológica más adecuada.</p>



<p>Podemos revisar esta Declaración periódicamente para reflejar mejoras o cambios en nuestras prácticas de accesibilidad.</p>



<h6 class="wp-block-heading">Sugerencias</h6>



<p>Agradecemos sus comentarios sobre la accesibilidad del sitio web de&nbsp;<strong>Positivo Accesorios de Moda</strong>&nbsp;. Por favor, infórmenos si encuentra alguna barrera de accesibilidad en nuestro sitio web:</p>



<p>Correo electrónico:&nbsp;<strong>positivo@positivoaccesorios.com.uy</strong></p>



<p>Intentamos responder a los comentarios en un plazo de 3 a 5 días hábiles.</p>



<p>Esta declaración fue creada el 2/9/2025.</p>



<p></p>

<p>Declaración de Accesibilidad para https://www.positivoaccesoriosdemoda.com.uy En Positivo Accesorios de Moda&nbsp;nos comprometemos a garantizar la accesibilidad&hellip;</p>

<!-- This site is optimized with the Yoast SEO Premium plugin v27.4 (Yoast SEO v27.5) - https://yoast.com/product/yoast-seo-premium-wordpress/ -->
<title>Declaración de accesibilidad - Positivo Accesorios de Moda</title>
<meta name="robots" content="index, follow, max-snippet:-1, max-image-preview:large, max-video-preview:-1" />
<link rel="canonical" href="https://positivoaccesorios.com.uy/pb/accessibility-statement/" />
<meta property="og:locale" content="es_ES" />
<meta property="og:type" content="article" />
<meta property="og:title" content="Declaración de accesibilidad" />
<meta property="og:description" content="Declaración de Accesibilidad para https://www.positivoaccesoriosdemoda.com.uy En Positivo Accesorios de Moda&nbsp;nos comprometemos a garantizar la accesibilidad&hellip;" />
<meta property="og:url" content="https://positivoaccesorios.com.uy/pb/accessibility-statement/" />
<meta property="og:site_name" content="Positivo Accesorios de Moda" />
<meta property="article:publisher" content="https://web.facebook.com/people/Positivo-Accesorios/61576469422995/?_rdc=1&amp;_rdr#" />
<meta property="article:modified_time" content="2025-09-02T16:40:19+00:00" />
<meta property="og:image" content="https://positivoaccesorios.com.uy/pb/wp-content/uploads/2026/04/Positivo-Yoast.jpg" />
	<meta property="og:image:width" content="1200" />
	<meta property="og:image:height" content="800" />
	<meta property="og:image:type" content="image/jpeg" />
<meta name="twitter:card" content="summary_large_image" />
<meta name="twitter:label1" content="Tiempo de lectura" />
	<meta name="twitter:data1" content="1 minuto" />
<script type="application/ld+json" class="yoast-schema-graph">{"@context":"https:\/\/schema.org","@graph":[{"@type":"WebPage","@id":"https:\/\/positivoaccesorios.com.uy\/pb\/accessibility-statement\/","url":"https:\/\/positivoaccesorios.com.uy\/pb\/accessibility-statement\/","name":"Declaración de accesibilidad - Positivo Accesorios de Moda","isPartOf":{"@id":"https:\/\/positivoaccesorios.com.uy\/pb\/#website"},"datePublished":"2025-09-02T16:34:54+00:00","dateModified":"2025-09-02T16:40:19+00:00","breadcrumb":{"@id":"https:\/\/positivoaccesorios.com.uy\/pb\/accessibility-statement\/#breadcrumb"},"inLanguage":"es","potentialAction":[{"@type":"ReadAction","target":["https:\/\/positivoaccesorios.com.uy\/pb\/accessibility-statement\/"]}]},{"@type":"BreadcrumbList","@id":"https:\/\/positivoaccesorios.com.uy\/pb\/accessibility-statement\/#breadcrumb","itemListElement":[{"@type":"ListItem","position":1,"name":"Portada","item":"https:\/\/positivoaccesorios.com.uy\/pb\/"},{"@type":"ListItem","position":2,"name":"Declaración de accesibilidad"}]},{"@type":"WebSite","@id":"https:\/\/positivoaccesorios.com.uy\/pb\/#website","url":"https:\/\/positivoaccesorios.com.uy\/pb\/","name":"Positivo Accesorios de Moda","description":"Tienda de accesorios de moda","publisher":{"@id":"https:\/\/positivoaccesorios.com.uy\/pb\/#organization"},"alternateName":"Positivo Accesorios","potentialAction":[{"@type":"SearchAction","target":{"@type":"EntryPoint","urlTemplate":"https:\/\/positivoaccesorios.com.uy\/pb\/?s={search_term_string}"},"query-input":{"@type":"PropertyValueSpecification","valueRequired":true,"valueName":"search_term_string"}}],"inLanguage":"es"},{"@type":"Organization","@id":"https:\/\/positivoaccesorios.com.uy\/pb\/#organization","name":"Positivo Accesorios de Moda","alternateName":"Positivo Bijou","url":"https:\/\/positivoaccesorios.com.uy\/pb\/","logo":{"@type":"ImageObject","inLanguage":"es","@id":"https:\/\/positivoaccesorios.com.uy\/pb\/#\/schema\/logo\/image\/","url":"https:\/\/positivoaccesorios.com.uy\/pb\/wp-content\/uploads\/2025\/08\/Logo-Positivo-175x200-1.webp","contentUrl":"https:\/\/positivoaccesorios.com.uy\/pb\/wp-content\/uploads\/2025\/08\/Logo-Positivo-175x200-1.webp","width":175,"height":85,"caption":"Positivo Accesorios de Moda"},"image":{"@id":"https:\/\/positivoaccesorios.com.uy\/pb\/#\/schema\/logo\/image\/"},"sameAs":["https:\/\/web.facebook.com\/people\/Positivo-Accesorios\/61576469422995\/?_rdc=1&_rdr#","https:\/\/www.instagram.com\/positivobijou"],"description":"Somos una tienda especializada en accesorios de moda importados. Ofrecemos productos exclusivos con ventas por mayor y por menor, pensados para realzar tu estilo y acompañar cada ocasión. Descubrí nuestra amplia variedad de accesorios de calidad, diseñados para quienes buscan tendencia, elegancia y precios competitivos.","email":"positivobijou@gmail.com","telephone":"2200 7696","legalName":"Cerro del Potro S.A."}]}</script>
<!-- / Yoast SEO Premium plugin. -->

Declaración de accesibilidad - Positivo Accesorios de Moda

Declaración de Accesibilidad para https://www.positivoaccesoriosdemoda.com.uy En Positivo Accesorios de Moda&nbsp;nos comprometemos a garantizar la accesibilidad&hellip;

Somos una tienda especializada en accesorios de moda importados. Ofrecemos productos exclusivos con ventas por mayor y por menor, pensados para realzar tu estilo y acompañar cada ocasión. Descubrí nuestra amplia variedad de accesorios de calidad, diseñados para quienes buscan tendencia, elegancia y precios competitivos.
